{"id":9514,"date":"2024-03-27T17:43:43","date_gmt":"2024-03-27T17:43:43","guid":{"rendered":"https:\/\/albrechtgehse-malerei.com\/?page_id=9514"},"modified":"2024-03-27T17:46:14","modified_gmt":"2024-03-27T17:46:14","slug":"der-zyklus-zeitenwende","status":"publish","type":"page","link":"https:\/\/albrechtgehse-malerei.com\/en\/der-zyklus-zeitenwende\/","title":{"rendered":"Der Zyklus ZEITENWENDE"},"content":{"rendered":"<div data-elementor-type=\"wp-page\" data-elementor-id=\"9514\" class=\"elementor elementor-9514\" data-elementor-post-type=\"page\">\n\t\t\t\t\t\t<section class=\"elementor-section elementor-top-section elementor-element elementor-element-9b3edb5 elementor-section-full_width elementor-section-stretched elementor-section-height-default elementor-section-height-default\" data-id=\"9b3edb5\" data-element_type=\"section\" data-settings=\"{&quot;stretch_section&quot;:&quot;section-stretched&quot;}\">\n\t\t\t\t\t\t<div class=\"elementor-container elementor-column-gap-no\">\n\t\t\t\t\t<div class=\"elementor-column elementor-col-100 elementor-top-column elementor-element elementor-element-6554bdfd\" data-id=\"6554bdfd\" data-element_type=\"column\">\n\t\t\t<div class=\"elementor-widget-wrap elementor-element-populated\">\n\t\t\t\t\t\t<div class=\"elementor-element elementor-element-5986295 animated-slow elementor-invisible elementor-widget elementor-widget-heading\" data-id=\"5986295\" data-element_type=\"widget\" data-settings=\"{&quot;_animation&quot;:&quot;fadeInUp&quot;}\" data-widget_type=\"heading.default\">\n\t\t\t\t<div class=\"elementor-widget-container\">\n\t\t\t\t\t<h3 class=\"elementor-heading-title elementor-size-default\">The Cycle \u201eZEITENWENDE\u201c <\/h3>\t\t\t\t<\/div>\n\t\t\t\t<\/div>\n\t\t\t\t<div class=\"elementor-element elementor-element-02efc60 elementor-widget elementor-widget-spacer\" data-id=\"02efc60\" data-element_type=\"widget\" data-widget_type=\"spacer.default\">\n\t\t\t\t<div class=\"elementor-widget-container\">\n\t\t\t\t\t\t\t<div class=\"elementor-spacer\">\n\t\t\t<div class=\"elementor-spacer-inner\"><\/div>\n\t\t<\/div>\n\t\t\t\t\t\t<\/div>\n\t\t\t\t<\/div>\n\t\t\t\t<div class=\"elementor-element elementor-element-ce71a16 elementor-widget elementor-widget-spacer\" data-id=\"ce71a16\" data-element_type=\"widget\" data-widget_type=\"spacer.default\">\n\t\t\t\t<div class=\"elementor-widget-container\">\n\t\t\t\t\t\t\t<div class=\"elementor-spacer\">\n\t\t\t<div class=\"elementor-spacer-inner\"><\/div>\n\t\t<\/div>\n\t\t\t\t\t\t<\/div>\n\t\t\t\t<\/div>\n\t\t\t\t<section class=\"elementor-section elementor-inner-section elementor-element elementor-element-8610d19 elementor-section-full_width elementor-reverse-mobile elementor-section-height-default elementor-section-height-default\" data-id=\"8610d19\" data-element_type=\"section\" data-settings=\"{&quot;animation_tablet&quot;:&quot;none&quot;}\">\n\t\t\t\t\t\t<div class=\"elementor-container elementor-column-gap-no\">\n\t\t\t\t\t<div class=\"elementor-column elementor-col-100 elementor-inner-column elementor-element elementor-element-60944bc animated-slow elementor-invisible\" data-id=\"60944bc\" data-element_type=\"column\" data-settings=\"{&quot;animation&quot;:&quot;fadeIn&quot;,&quot;animation_delay&quot;:200}\">\n\t\t\t<div class=\"elementor-widget-wrap elementor-element-populated\">\n\t\t\t\t\t\t<div class=\"elementor-element elementor-element-7388c83 elementor-widget elementor-widget-text-editor\" data-id=\"7388c83\" data-element_type=\"widget\" data-settings=\"{&quot;_animation_tablet&quot;:&quot;fadeIn&quot;}\" data-widget_type=\"text-editor.default\">\n\t\t\t\t<div class=\"elementor-widget-container\">\n\t\t\t\t\t\t\t\t\t<p>The years 2002 to 2005 were characterised by work on a cycle consisting of thirteen paintings, some of them large-format. They were the highlight of the exhibition of the same name at Kunstallianz 1 in Berlin in 2005.<br \/>The catalogue for this exhibition provides an impressive overview of the artist's work, written by the Berlin-based Wolfgang Thiede, a profound expert on Albrecht Gehse's painting, who knowledgeably explains all facets of his extensive oeuvre.<\/p><p>The unabridged quotations are taken from this text.<\/p><p>\"Compared to the pioneers of form in modern art, such as the scientific methods of pointillism, the concepts of abstraction or the stylisations of pop art, Albrecht Gehse's painting can appear traditional at first glance. Initially as a successor to Soutine or the late Corinth, but also as a revival of older patterns, as in the late portraits of Titian or Rembrandt. However, such an approach remains largely superficial, so to speak, when looking at the skin of the painting.<br \/>We must not be deceived by the bloodthirsty style of painting. However, it is as powerful as in the previous painterly expressives. It is like that: Extremely heightened colour vision and an almost primitive immediacy of mallust drive the painter Gehse to his pictures.\"<\/p><p>\"What sets Gehse's exciting pictures apart from his peers is something we haven't seen in German art for a long time since Beckmann: the creation of his own myths. Like Beckmann, Gehse did not invent any subject matter. But he paints pictures that, above all in terms of content, remain in the memory solely because of their suggestive power and emotional impact. They confront the content of today, the multidimensionality of life and society, with symbols that reveal and at the same time conceal, that can only provide enigmatic information.\"<\/p><p>\"Gehse's great compositions are all great images of society. But he does not directly trace the fractures and contradictions in these images of conflict in our society. And he does not limit them to depicting and criticising social reality. Gehse is no less \"critical\" or \"realistic\" than the realism-foolish Critical Realists. But in his pictorial inventions full of breaking references and mediating or excluding symbols, these fractures and contradictions emerge more purely and directly, more artistically. Whereby, despite all his engagement with the diversity of phenomena, he noticeably keeps a totality in view.\"<\/p>\t\t\t\t\t\t\t\t<\/div>\n\t\t\t\t<\/div>\n\t\t\t\t\t<\/div>\n\t\t<\/div>\n\t\t\t\t\t<\/div>\n\t\t<\/section>\n\t\t\t\t\t<\/div>\n\t\t<\/div>\n\t\t\t\t\t<\/div>\n\t\t<\/section>\n\t\t\t\t<\/div>","protected":false},"excerpt":{"rendered":"<p>Der Zyklus \u201eZEITENWENDE\u201c Die Jahre 2002 bis 2005 standen ganz im Zeichen der Arbeit an einem Zyklus, bestehend aus dreizehn teils gro\u00dfformatigen Gem\u00e4lden. Sie waren H\u00f6hepunkt der gleichnamigen Ausstellung in der Kunstallianz 1 in Berlin im Jahr 2005.Der Katalog zu dieser Ausstellung gibt einen beeindruckenden \u00dcberblick \u00fcber das Werk des K\u00fcnstlers, geschrieben von dem Berliner [&hellip;]<\/p>","protected":false},"author":5,"featured_media":5293,"parent":0,"menu_order":0,"comment_status":"closed","ping_status":"closed","template":"elementor_header_footer","meta":{"footnotes":""},"class_list":["post-9514","page","type-page","status-publish","has-post-thumbnail","hentry"],"_links":{"self":[{"href":"https:\/\/albrechtgehse-malerei.com\/en\/wp-json\/wp\/v2\/pages\/9514","targetHints":{"allow":["GET"]}}],"collection":[{"href":"https:\/\/albrechtgehse-malerei.com\/en\/wp-json\/wp\/v2\/pages"}],"about":[{"href":"https:\/\/albrechtgehse-malerei.com\/en\/wp-json\/wp\/v2\/types\/page"}],"author":[{"embeddable":true,"href":"https:\/\/albrechtgehse-malerei.com\/en\/wp-json\/wp\/v2\/users\/5"}],"replies":[{"embeddable":true,"href":"https:\/\/albrechtgehse-malerei.com\/en\/wp-json\/wp\/v2\/comments?post=9514"}],"version-history":[{"count":10,"href":"https:\/\/albrechtgehse-malerei.com\/en\/wp-json\/wp\/v2\/pages\/9514\/revisions"}],"predecessor-version":[{"id":9524,"href":"https:\/\/albrechtgehse-malerei.com\/en\/wp-json\/wp\/v2\/pages\/9514\/revisions\/9524"}],"wp:featuredmedia":[{"embeddable":true,"href":"https:\/\/albrechtgehse-malerei.com\/en\/wp-json\/wp\/v2\/media\/5293"}],"wp:attachment":[{"href":"https:\/\/albrechtgehse-malerei.com\/en\/wp-json\/wp\/v2\/media?parent=9514"}],"curies":[{"name":"wp","href":"https:\/\/api.w.org\/{rel}","templated":true}]}}

<p>Der Zyklus „ZEITENWENDE“ Die Jahre 2002 bis 2005 standen ganz im Zeichen der Arbeit an einem Zyklus, bestehend aus dreizehn teils großformatigen Gemälden. Sie waren Höhepunkt der gleichnamigen Ausstellung in der Kunstallianz 1 in Berlin im Jahr 2005.Der Katalog zu dieser Ausstellung gibt einen beeindruckenden Überblick über das Werk des Künstlers, geschrieben von dem Berliner [&hellip;]</p>
